{"id":5506,"date":"2020-09-12T17:15:36","date_gmt":"2020-09-12T15:15:36","guid":{"rendered":"http:\/\/gryff-et-pitaine.fr\/?page_id=5506"},"modified":"2025-07-20T19:09:24","modified_gmt":"2025-07-20T17:09:24","slug":"bolt-action","status":"publish","type":"page","link":"https:\/\/gryff-et-pitaine.fr\/?page_id=5506","title":{"rendered":"Bolt Action"},"content":{"rendered":"<p>Bolt Action, est un jeu en 28mm sur la seconde guerre mondiale nomm\u00e9 d&rsquo;apr\u00e8s les fusils \u00e0 verrous, en anglais \u00ab\u00a0bolt action\u00a0\u00bb qui \u00e9quipent nombre des bellig\u00e9rants.<\/p>\n<p>Comme c&rsquo;est un jeu historique une petite note au lecteur:<br \/>\nL&rsquo;historique en figurine c&rsquo;est dur! On creuse du mieux que possible pour se renseigner, on aime peindre des figurines plausible o\u00f9 au moins cr\u00e9dible, mais on fini toujours par se planter en terme d&rsquo;uniforme, de mat\u00e9riel ou de th\u00e9\u00e2tre, et je vous parle m\u00eame par des ordres de bataille.<\/p>\n<p>Ne nous voilons pas la face, m\u00eame si il est possible certains sc\u00e9nario ici soit inspir\u00e9 de fait r\u00e9el o\u00f9 inclus dans des contexte r\u00e9els (Oui, Sovi\u00e9tiques et japonais se sont bien affront\u00e9 en Mandchourie en 45!), le but est avant tout de se faire plaisir avec un syst\u00e8me sympa pour faire des bastons int\u00e9ressante. Donc non, \u00e7a ne me pose aucun probl\u00e8me de proposer un rapport de bataille Allemand VS Jap, Sovi\u00e9tiques VS Groland o\u00f9 encore l&rsquo;invasion de la Syldavie par l&rsquo;arm\u00e9e Belge avec un background had hoc bien sur!<\/p>\n<p>Cela \u00e9tant, si demande est faite dans\u00a0 les commentaires des rapports j&rsquo;essayerai de r\u00e9pondre au question sur ce qui est histo ou pas du tout!<\/p>\n<p>&nbsp;<\/p>\n<p><a href=\"http:\/\/gryff-et-pitaine.fr\/?p=5508\">Un Mirador \u00e0 Mundken<\/a> Ou l&rsquo;arm\u00e9e japonais tentent de reprendre un point de vue face \u00e0 la d\u00e9ferlante sovi\u00e9tique.<\/p>\n<p><a href=\"http:\/\/gryff-et-pitaine.fr\/?p=6802\">[URSS\/IJA] Sous les arbres rouges\u2026 <\/a>Petit format ou rouges et jaunes se contestent des objectifs oranges sous les feuilles d&rsquo;arbres \u00e9carlates&#8230;<\/p>\n<p><a href=\"http:\/\/gryff-et-pitaine.fr\/?p=6975\">[URSS vs IJA] Le Gros Livre Bleu<\/a> Le D\u00e9sormais Classico Sovi\u00e9tique\/Nippon, autours de la r\u00e9cup\u00e9ration d&rsquo;un myst\u00e9rieux ouvrage.<\/p>\n<p><a href=\"http:\/\/gryff-et-pitaine.fr\/?p=8056\">Embuscade en Sologne<\/a> Escarmouche entre Maquis-la-Fronde et l&rsquo;Infanterie Volontaire Grolandaise au service de l&rsquo;occupant. Ambiance!<\/p>\n<p><a href=\"https:\/\/gryff-et-pitaine.fr\/?p=11812\">Le Manuscrit de Voisnich [Wermacht VS URSS]<\/a> En 45, les allemands, \u00e0 cours de Wonderwaffen, et de tout le reste, tentent d&rsquo;\u00e9vacuer un ouvrage mystique d&rsquo;un vieux ch\u00e2teau&#8230;<\/p>\n<p><a href=\"https:\/\/gryff-et-pitaine.fr\/?p=12026\">[Ethiopie Vs Italie] Assaut sur les arri\u00e8res.\u00a0 <\/a>En 35 l&rsquo;arm\u00e9e Italienne se rue sur l&rsquo;Ethiopie, mais les arri\u00e8res Italiens vont avoir une petite surprise&#8230;<\/p>\n<p><a href=\"https:\/\/gryff-et-pitaine.fr\/?p=13871\">Campagne: Bataille de Babel Ou\u00e8d<\/a> En 1940, les sovi\u00e9tiques d\u00e9clanchent une invasion sur la Tunisie Fran\u00e7aise (sans blague!). Les forces fran\u00e7aises tententent de repousser l&rsquo;assaut sur Babel Ou\u00e8d.<\/p>\n<p>&nbsp;<\/p>\n","protected":false},"excerpt":{"rendered":"<p>Bolt Action, est un jeu en 28mm sur la seconde guerre mondiale nomm\u00e9 d&rsquo;apr\u00e8s les fusils \u00e0 verrous, en anglais \u00ab\u00a0bolt action\u00a0\u00bb qui \u00e9quipent nombre des bellig\u00e9rants. Comme c&rsquo;est un<\/p>\n<p class=\"more-link\"><a href=\"https:\/\/gryff-et-pitaine.fr\/?page_id=5506\" class=\"readmore\">Lire la suite&#8230;<span class=\"screen-reader-text\">Bolt Action<\/span><\/a><\/p>\n","protected":false},"author":2,"featured_media":0,"parent":702,"menu_order":0,"comment_status":"closed","ping_status":"closed","template":"","meta":{"footnotes":""},"class_list":["post-5506","page","type-page","status-publish","hentry"],"_links":{"self":[{"href":"https:\/\/gryff-et-pitaine.fr\/index.php?rest_route=\/wp\/v2\/pages\/5506","targetHints":{"allow":["GET"]}}],"collection":[{"href":"https:\/\/gryff-et-pitaine.fr\/index.php?rest_route=\/wp\/v2\/pages"}],"about":[{"href":"https:\/\/gryff-et-pitaine.fr\/index.php?rest_route=\/wp\/v2\/types\/page"}],"author":[{"embeddable":true,"href":"https:\/\/gryff-et-pitaine.fr\/index.php?rest_route=\/wp\/v2\/users\/2"}],"replies":[{"embeddable":true,"href":"https:\/\/gryff-et-pitaine.fr\/index.php?rest_route=%2Fwp%2Fv2%2Fcomments&post=5506"}],"version-history":[{"count":11,"href":"https:\/\/gryff-et-pitaine.fr\/index.php?rest_route=\/wp\/v2\/pages\/5506\/revisions"}],"predecessor-version":[{"id":15441,"href":"https:\/\/gryff-et-pitaine.fr\/index.php?rest_route=\/wp\/v2\/pages\/5506\/revisions\/15441"}],"up":[{"embeddable":true,"href":"https:\/\/gryff-et-pitaine.fr\/index.php?rest_route=\/wp\/v2\/pages\/702"}],"wp:attachment":[{"href":"https:\/\/gryff-et-pitaine.fr\/index.php?rest_route=%2Fwp%2Fv2%2Fmedia&parent=5506"}],"curies":[{"name":"wp","href":"https:\/\/api.w.org\/{rel}","templated":true}]}}