{"id":12238,"date":"2024-01-29T17:00:24","date_gmt":"2024-01-29T16:00:24","guid":{"rendered":"https:\/\/gryff-et-pitaine.fr\/?page_id=12238"},"modified":"2024-05-30T03:19:23","modified_gmt":"2024-05-30T01:19:23","slug":"vacance-a-zegema-beach","status":"publish","type":"page","link":"https:\/\/gryff-et-pitaine.fr\/?page_id=12238","title":{"rendered":"Vacances \u00e0 Zegema Beach"},"content":{"rendered":"<p>Bienvenue pour le Second Evenement W40K <strong>V4<\/strong> Gryff et Pitaine,<br \/>\nqui se d\u00e9roulera les 13 et 14 Avril 2024<br \/>\n\u00e0 <a href=\"https:\/\/doublejeux.fr\/\">Double Jeux<\/a>, Portet-sur-Garonne \u00e0 Toulouse.<\/p>\n<p>2 Jours de combat et 5 parties de Warhammer 40K en 4\u00e8me \u00e9dition au menu et surtout du narratif!<\/p>\n<p><img loading=\"lazy\" decoding=\"async\" class=\"alignnone size-large wp-image-12272\" src=\"http:\/\/gryff-et-pitaine.fr\/wp-content\/uploads\/2024\/01\/Event40K-Image_03-1024x697.jpg\" alt=\"\" width=\"920\" height=\"626\" srcset=\"https:\/\/gryff-et-pitaine.fr\/wp-content\/uploads\/2024\/01\/Event40K-Image_03-1024x697.jpg 1024w, https:\/\/gryff-et-pitaine.fr\/wp-content\/uploads\/2024\/01\/Event40K-Image_03-300x204.jpg 300w, https:\/\/gryff-et-pitaine.fr\/wp-content\/uploads\/2024\/01\/Event40K-Image_03-768x523.jpg 768w, https:\/\/gryff-et-pitaine.fr\/wp-content\/uploads\/2024\/01\/Event40K-Image_03.jpg 1278w\" sizes=\"auto, (max-width: 920px) 100vw, 920px\" \/><\/p>\n<p>Apr\u00e8s la paisible plan\u00e8te de Cam\u00e9lia III, nous vous proposons de venir mettre un souk pas possible sur la riante plan\u00e8te Baln\u00e9aire de Zegema!<br \/>\nLes \u00e9tranges machines vestiges de sa terra-formation et les multiples portails warps qui y sont cach\u00e9s augurent de belles rencontres et pas mal d&rsquo;action! D&rsquo;autant qu&rsquo;un Zoat, cr\u00e9ature presque l\u00e9gendaire y aurait \u00e9lu domicile et serait d\u00e9tenteur de grands savoirs&#8230;<\/p>\n<p>Comme l&rsquo;ann\u00e9e derni\u00e8re, il s&rsquo;agit d&rsquo;un \u00e9v\u00e8nement narratif, ouvert \u00e0 tous et utilisant largement les listes W40k publi\u00e9 en V3 et 4. Asym\u00e9trie, narratif et alliances douteuses sont parfaitement assum\u00e9s avec une foultitude d&rsquo;objectifs que VOUS serez les seuls \u00e0 d\u00e9cider de poursuivre ou non en fonction du roleplay que VOUS aurez d\u00e9cid\u00e9 d&rsquo;assumer!<\/p>\n<p><a href=\"https:\/\/gryff-et-pitaine.fr\/?p=12316\">Zegema Rapport Plan\u00e9taire.<\/a><br \/>\n<a href=\"http:\/\/gryff-et-pitaine.fr\/?p=12388\">Journal Touristique<\/a><br \/>\n<a href=\"https:\/\/gryff-et-pitaine.fr\/?p=12354\">Zegema, Nouvelles, br\u00e8ves et rapports pr\u00e9liminaires\u2026<\/a><br \/>\n<a href=\"https:\/\/gryff-et-pitaine.fr\/?p=12560\">Bataille de Zorn [BGF] 1\/3<\/a><br \/>\n<a href=\"https:\/\/gryff-et-pitaine.fr\/?p=12716\">Bataille de Zorn [BGF] 2\/3<\/a><br \/>\n<a href=\"http:\/\/gryff-et-pitaine.fr\/?p=12737\">Bataille de Zorn [BGF] 3\/3<\/a><\/p>\n<p>R\u00e8gles g\u00e9n\u00e9rales<\/p>\n<p><a href=\"https:\/\/gryff-et-pitaine.fr\/?p=12206\">Faire son arm\u00e9e pour Zegema.<\/a><br \/>\n<a href=\"https:\/\/gryff-et-pitaine.fr\/?p=12208\">Zegema r\u00e8gle d\u2019engagement D\u00e9ploiement et Sc\u00e9nario Standard.<\/a><br \/>\n<a href=\"https:\/\/gryff-et-pitaine.fr\/?p=10438\">R\u00e8gles d\u2019engagement: Objets et PNJs<\/a> (Ce sont exactement les m\u00eames que pour Cam\u00e9lia, donc c&rsquo;est le m\u00eame article)<br \/>\n<a href=\"https:\/\/gryff-et-pitaine.fr\/?p=12228\">Conqu\u00eate Zegema Beach<\/a><br \/>\n<a href=\"https:\/\/gryff-et-pitaine.fr\/?p=12223\">La Gloire. Zegema Beach<\/a><br \/>\n<a href=\"https:\/\/gryff-et-pitaine.fr\/?p=12220\">Le Savoir, Zegema Beach<\/a><br \/>\n<a href=\"https:\/\/gryff-et-pitaine.fr\/?p=12231\">Richesse, Zegema Beach<\/a><br \/>\n<a href=\"https:\/\/gryff-et-pitaine.fr\/?p=12233\">Esclaves, Zegema Beach<\/a><br \/>\n<a href=\"https:\/\/gryff-et-pitaine.fr\/?p=12236\">Ire du Gouverneur Zegema Beach<\/a><br \/>\n<a href=\"https:\/\/gryff-et-pitaine.fr\/?p=12284\">Pions objectifs personnalis\u00e9s (r\u00e9cap)<\/a><\/p>\n<p><img loading=\"lazy\" decoding=\"async\" class=\"alignnone size-large wp-image-12248\" src=\"http:\/\/gryff-et-pitaine.fr\/wp-content\/uploads\/2024\/01\/20220401_103019-1024x576.jpg\" alt=\"\" width=\"920\" height=\"518\" srcset=\"https:\/\/gryff-et-pitaine.fr\/wp-content\/uploads\/2024\/01\/20220401_103019-1024x576.jpg 1024w, https:\/\/gryff-et-pitaine.fr\/wp-content\/uploads\/2024\/01\/20220401_103019-300x169.jpg 300w, https:\/\/gryff-et-pitaine.fr\/wp-content\/uploads\/2024\/01\/20220401_103019-768x432.jpg 768w, https:\/\/gryff-et-pitaine.fr\/wp-content\/uploads\/2024\/01\/20220401_103019-1536x864.jpg 1536w, https:\/\/gryff-et-pitaine.fr\/wp-content\/uploads\/2024\/01\/20220401_103019-2048x1152.jpg 2048w, https:\/\/gryff-et-pitaine.fr\/wp-content\/uploads\/2024\/01\/20220401_103019-990x556.jpg 990w, https:\/\/gryff-et-pitaine.fr\/wp-content\/uploads\/2024\/01\/20220401_103019-1920x1080.jpg 1920w\" sizes=\"auto, (max-width: 920px) 100vw, 920px\" \/><\/p>\n<p>Dix places de joueurs et 6 Magnifiques tables \u00e0 explorer vous attendent avec impatience!<\/p>\n<p>Comment venir?<br \/>\n<a href=\"https:\/\/doublejeux.fr\/salle-de-billard-portet-sur-garonne\/\">C&rsquo;est ici!<\/a><\/p>\n<p><strong>Acc\u00e8s<\/strong> : gare Matabiau puis m\u00e9tro ligne jaune direction Universit\u00e9 Paul Sabatier, arr\u00eat Empalot et bus L5 arr\u00eat Palanques.<\/p>\n<p>Et pour s&rsquo;inscrire me direz vous?<br \/>\n<a href=\"https:\/\/www.helloasso.com\/associations\/les-ailes-de-nemesis\/evenements\/event-warhammer-40k\">C&rsquo;est l\u00e0!<\/a><\/p>\n<p>La PAF comprend les repas servis \u00e0 Double Jeu, le bar\/salle de jeu qui nous accueille. Le portage du projet est assur\u00e9 par l&rsquo;Association \u00ab\u00a0les Ailes de N\u00e9mesis\u00a0\u00bb.<\/p>\n<p>Et maintenant que c&rsquo;est fini? Ben on peu lire le compte rendu et se rem\u00e9morer les hauts faits&#8230; Ou les d\u00e9couvrir!<\/p>\n<p><a href=\"https:\/\/gryff-et-pitaine.fr\/?p=12890\">Compte Rendu des Vacances a Zegema<\/a><\/p>\n","protected":false},"excerpt":{"rendered":"<p>Bienvenue pour le Second Evenement W40K V4 Gryff et Pitaine, qui se d\u00e9roulera les 13 et 14 Avril 2024 \u00e0 Double Jeux, Portet-sur-Garonne \u00e0 Toulouse. 2 Jours de combat et<\/p>\n<p class=\"more-link\"><a href=\"https:\/\/gryff-et-pitaine.fr\/?page_id=12238\" class=\"readmore\">Lire la suite&#8230;<span class=\"screen-reader-text\">Vacances \u00e0 Zegema Beach<\/span><\/a><\/p>\n","protected":false},"author":2,"featured_media":0,"parent":0,"menu_order":0,"comment_status":"closed","ping_status":"closed","template":"","meta":{"footnotes":""},"class_list":["post-12238","page","type-page","status-publish","hentry"],"_links":{"self":[{"href":"https:\/\/gryff-et-pitaine.fr\/index.php?rest_route=\/wp\/v2\/pages\/12238","targetHints":{"allow":["GET"]}}],"collection":[{"href":"https:\/\/gryff-et-pitaine.fr\/index.php?rest_route=\/wp\/v2\/pages"}],"about":[{"href":"https:\/\/gryff-et-pitaine.fr\/index.php?rest_route=\/wp\/v2\/types\/page"}],"author":[{"embeddable":true,"href":"https:\/\/gryff-et-pitaine.fr\/index.php?rest_route=\/wp\/v2\/users\/2"}],"replies":[{"embeddable":true,"href":"https:\/\/gryff-et-pitaine.fr\/index.php?rest_route=%2Fwp%2Fv2%2Fcomments&post=12238"}],"version-history":[{"count":29,"href":"https:\/\/gryff-et-pitaine.fr\/index.php?rest_route=\/wp\/v2\/pages\/12238\/revisions"}],"predecessor-version":[{"id":12962,"href":"https:\/\/gryff-et-pitaine.fr\/index.php?rest_route=\/wp\/v2\/pages\/12238\/revisions\/12962"}],"wp:attachment":[{"href":"https:\/\/gryff-et-pitaine.fr\/index.php?rest_route=%2Fwp%2Fv2%2Fmedia&parent=12238"}],"curies":[{"name":"wp","href":"https:\/\/api.w.org\/{rel}","templated":true}]}}